g**2 + 6*g - 8. Give d(t).
-8
Let a(q) be the second derivative of 5/2*q**2 + 0 + q - 2/3*q**3 - 7/12*q**4 - 1/20*q**5. Suppose 77*d + 45*d + 662 = -14*d - 154. Give a(d).
-7
Let i(w) be the first derivative of 2*w**3/3 + 2*w**2 + 2*w - 250. Let o(r) = r**2 - 11*r - 2. Let d be o(11). Give i(d).
2
Suppose -3*x - 450 = -474. Suppose 3*a + x = -t + 5, -a - 7 = t. Let i(k) = -k**3 - 10*k**2 - 8*k + 11. Determine i(t).
2
Let t(s) = -10*s - 1. Let b = -53 - -55. Let r be (51/(-34) - b/(-1))*6. Let h(c) = c. Let z(l) = r*h(l) - t(l). Give z(1).
14
Let r(i) = -i + 6. Suppose -q - 4*v - 1 = -2*q, q - 2*v - 5 = 0. Let k be 140/(-30)*q/6. Give r(k).
13
Let z(u) be the second derivative of -5*u**3/6 - 95*u**2 + 2154*u. Calculate z(-39).
5
Let o(s) be the first derivative of -s**4/6 + s**3/2 + s**2/2 + 23*s - 42. Let t(m) be the first derivative of o(m). Give t(-2).
-13
Let u = -3184 + 3188. Let d(t) = -t**2 + 6*t - 9. Let o(m) = -1. Suppose 22 = -4*k - 2. Let s(n) = k*o(n) + d(n). Determine s(u).
5
Suppose -4025*h + 4027*h = 5*o + 3, -h + 2*o + 2 = 0. Let l(r) = r**3 - r**2 - 4*r - 10. Give l(h).
22
Let r(j) = 7*j - 44*j + 49*j + 21*j + 92 + 71. Give r(-5).
-2
Let m(n) = n**3 - 8*n**2 - 12356902 + 12356934 - 20*n + 4*n. What is m(9)?
-31
Let m be -1*(-6)/51 - (-492432)/204. Let g(b) = m + 2*b**3 - 3*b**3 - 2411 + b. What is g(0)?
3
Let g(l) = 673*l + 1 - 207*l - 469*l. Suppose 0 = -3*c - 2*o - 3, 2 = -3*c + 4*o - 1. Give g(c).
4
Let k(j) = -j**3 + 10*j**2 + 3*j - 19. Suppose c + 2*t - 1 = 0, -1259*t + 1255*t + 20 = 4*c. What is k(c)?
89
Let x(z) = -5*z**2 - 39*z - 44. Let n(f) = 4*f**2 + 39*f + 31. Let d(p) = 4*n(p) + 3*x(p). What is d(-39)?
-8
Let b(y) = -297 + 2*y - y - 9*y - 71 - 5*y. Give b(-28).
-4
Let d(u) = -2*u - 8. Let c be (256/(-72))/16 - (-182)/9. Let o be (-56)/42 - (c/12 - -2). Calculate d(o).
2
Let l = -9384 + 9358. Let h(i) = -i**3 - 26*i**2 + i + 30. Determine h(l).
4
Let p(r) = 8*r**2 - 3*r**2 + 5*r**2 + 21 - 97*r - 8 + 179*r. What is p(-8)?
-3
Let k(j) = -2*j**3 - 24*j**2 - 24*j - 15. Let p(o) = 712*o + 12093. Let l be p(-17). Calculate k(l).
7
Suppose -4*f - 6 - 19 = 11. Let p(y) = 6*y + 62. Calculate p(f).
8
Let f be (-31)/(-11) - (-28)/154. Let u(p) = 7*p**2 + 16*p + 15. Let v(y) = -4*y**2 - 7*y - 7. Let j(x) = f*u(x) + 5*v(x). What is j(-12)?
-2
Let q(l) = 17*l - 4669 + 8906 - 54*l - 4463. Give q(-6).
-4
Let q(r) = -r + 9. Let i(o) = 5*o - 37. Let h(z) = 2*i(z) + 9*q(z). Let g be (3 - 0) + -11 + 3. Determine h(g).
2
Let w(c) = -30*c**2 - 4*c + 7. Let z(o) = -14 + 3 + 85*o**2 - 5 - 3 + 11*o. Let i(p) = -11*w(p) - 4*z(p). Calculate i(-1).
-11
Let r(i) = 18*i + 8. Let s(k) = 41*k + 12. Let v(y) = 5*r(y) - 3*s(y). Determine v(-1).
37
Let a(j) = -j**3 + 22*j**2 - 49 + 33 - 34*j - 16*j + 99*j. What is a(24)?
8
Suppose -250 = 6*l - 274. Let h(d) be the second derivative of 6*d + 5/12*d**l - 4/3*d**3 + 0 - 7/2*d**2 + 1/20*d**5. Determine h(-6).
5
Let q = -5776 + 5783. Let f(t) = 2*t**3 - 13*t**2 - 7*t + 4. Calculate f(q).
4
Suppose 4*i - 7 = 17. Let f(t) be the first derivative of 3 + 1/4*t**4 - 5/3*t**3 - 3*t - 5/2*t**2. Determine f(i).
3
Let c(z) = 3*z**2 + 0 - 620*z + 6 + 632*z. Give c(-5).
21
Let h(z) = z**3 + 7*z**2 - 9*z - 10. Let j be (2/(-3))/(345/(-138) + (-93)/(-36)). Give h(j).
-2
Let b(d) = -20*d**2 + 8*d - 24. Let a(x) = 17*x**2 - 7*x + 23. Let j(i) = 7*a(i) + 6*b(i). Give j(-4).
5
Let w(d) be the third derivative of 31*d**8/6720 - d**6/720 + d**5/120 - 5*d**4/2 - d**2 - 6. Let x(i) be the second derivative of w(i). Give x(1).
31
Let k(n) = -2*n**2 - 6*n + 5. Let l(j) = 5*j**2 + 12*j - 11. Suppose -27*p + 34*p - 49 = 0. Let h(y) = p*k(y) + 3*l(y). What is h(4)?
-6
Let b be 16/20*(-50)/(-5). Let r be (-12)/b + (-5)/2. Let x(f) = f**2 + 2*f - 7. Give x(r).
1
Let d be 14/(-2)*-12*(-49)/28. Let g = 150 + d. Let x(b) = -b**2 + b + 3. What is x(g)?
-3
Let l(i) = -i**3 - 11*i**2 + i + 1. Let f(w) = -w**3 - 12*w**2 + 2*w + 2. Let s(b) = 5*f(b) - 6*l(b). Let n(h) = 64*h + 378. Let t be n(-6). What is s(t)?
-20
Let r(a) = 30 + 2*a - 24 - a**3 + 2*a**3 - 4*a**2. Let w(c) = -3*c**3 + 7*c**2 - 3*c - 13. Let k(t) = -5*r(t) - 2*w(t). What is k(-6)?
20
Let j(q) = 4*q**2 - 13*q + 20. Let k(d) = -d**2 + d - 4. Let b(a) = j(a) + 3*k(a). Suppose 0 = -t - 4*u + 20, -15 = 4*t + 3*u - 56. Calculate b(t).
-8
Let u(r) = r + 4. Let j(m) = -m - 3. Let o be j(-8). Suppose o = -3*g - d, d + 5 = -5*g - 0*d. Give u(g).
4
Suppose 2*v + 11 = 3*s, 16 - 7 = 4*s + 3*v. Let h(l) = -7*l - s + 3 - 2 + 0*l + 5*l. Determine h(-4).
6
Let q(u) be the third derivative of 1/12*u**4 + 0*u + 2*u**3 + 0 - 34*u**2. Calculate q(-5).
2
Let f(q) = -3*q. Let u(t) = -2*t - 1. Let z(d) = 2*f(d) - u(d). Let i(r) = -13*r - 2. Let c(j) = -2*i(j) + 6*z(j). Let p be -5 + -3 + 0/(-1). Give c(p).
-6
Let u(m) = 12*m + 11*m - m**2 - 3*m + 3*m + 19*m - 422. What is u(16)?
-6
Let s(z) = 2*z - 13. Let b be s(5). Let d be 35 + b + 0 + 0. Let w(o) = 4*o - 18 - 2*o**2 + d + o**2 - 12. Give w(4).
2
Let x(k) = -2*k**2 + k + 1. Let o(p) = -12*p**3 - 5*p + 13*p**2 + 14*p**3 + 1 - p**3 - 9. Let j(l) = -o(l) - 6*x(l). Let y = 2 + -2. Determine j(y).
2
Let v(c) = c - 7. Suppose -12 = 39*s - 33*s. Let h be (9 - 13)*s*(-10)/(-8). What is v(h)?
3
Let l = -63 + 72. Suppose 0 = -5*b + 4*u + 26, 14*b + 3*u + 2 = l*b. Let k(y) = -3*y - 1. Calculate k(b).
-7
Let k(x) be the first derivative of x**4/4 + 5*x**3 + 27*x**2/2 + 9*x + 19. Let a = 9878 - 9891. Calculate k(a).
-4
Let d be 18/16 + 1/(-8). Let o(z) = -2*z. Let v(p) = p. Let s(m) = d*v(m) + o(m). Calculate s(-2).
2
Let p(v) be the third derivative of 5/12*v**4 + 0*v + v**2 - 17 - 1/6*v**3. Calculate p(-1).
-11
Let w(l) be the first derivative of -l**3/3 - 11*l**2/2 - 6*l - 1. Let o(n) = n**3 + 4*n**2 - 2*n + 5. Let p = -73 + 68. Let d be o(p). Give w(d).
4
Let y(q) = -q - 4. Let o be y(-3). Let g(m) = 65*m + 76*m - 291*m + 72*m + 52*m. Calculate g(o).
26
Let r = 14 - 5. Let f = 3 - r. Let s(w) = w - 4 - 2 + 8. Calculate s(f).
-4
Let d(t) = -2*t**2 - 49*t + 54. Let p be d(-23). Let x = 118 - p. Let i(s) be the third derivative of s**4/24 + 4*s**3/3 + 14*s**2. Give i(x).
3
Let i(z) = z**2 + 3*z + 2. Let j(x) = x**3 - 13*x**2 - 14*x + 5. Let f be j(14). Suppose f*c = 0, 4 + 0 = m + 3*c. Calculate i(m).
30
Let f(v) = 2*v. Let m(n) = 7*n + 1. Let h = -1073 - -1076. Suppose o = 2*y - 5*y - 20, -3*o - 12 = 3*y. Let d(u) = h*m(u) + y*f(u). What is d(-3)?
-12
Let l(u) be the second derivative of -u**4/12 + 7*u**3/3 - 37*u**2/2 + 804*u. What is l(4)?
3
Let q(g) be the second derivative of -g**7/2520 + g**6/80 - 7*g**5/120 - 13*g**4/6 - g**3/6 - 2*g - 9. Let i(d) be the third derivative of q(d). Give i(8).
1
Let q(c) = -c**3 + 5*c**2 - 2*c - 6. Let x(o) = 2*o**2 - 17*o + 35. Let k be x(16). Let m = k - 272. Determine q(m).
6
Let t(a) = -2*a**3 + 76 + 3*a**3 + 6*a + 6*a**2 - 89 - 3*a**2 + 6*a**2. What is t(-9)?
-67
Let k be 20/(-1*2/1). Let l be -8 - (1 + 1)*k/5. Let v(f) = f**2 + f. What is v(l)?
12
Let u(p) = 8 + 2 - 116*p + 120*p - p**2. Suppose -3*f + 8*f = 60. Let g be 4 + 7 + f/(-3). Give u(g).
-11
Let n(u) = 2*u**2 - 13*u - 60. Let t be n(10). Let w be (t + -16)*5/(-10). Let y(b) = 2*b - b**2 - 1 + 4 + 0*b. Determine y(w).
0
Let n = -1956 + 1958. Let s(c) = 2*c**2 + 2*c - 10. Calculate s(n).
2
Let p be 2/10 + 58/10. Let j(n) be the third derivative of 1/6*n**3 - 18*n**2 + 0 - 1/60*n**5 + 1/4*n**4 + 2*n. Determine j(p).
1
Let b(n) be the second derivative of n**3/3 + 43*n**2/2 + 2*n - 356. Determine b(0).
43
Let a(y) = -9*y**2 - 45 - 7*y - 50 - 36 + 122 - y - y**3. Suppose 0*p - 5*p = 35. What is a(p)?
-51
Let k(m) = -2*m - 8. Suppose -3*a - 24*r = -29*r + 31, 0 = 2*a - 2*r + 18. Determine k(a).
6
Let n(q) = 5*q + 1. Let o(z) = z + 1. Let j(y) = n(y) + 2*o(y). Let w(f) = -115*f + 67. Let t be w(-2). Let u = -299 + t. Give j(u).
-11
Let v(p) = -p. Let g be (-4)/2*(11 + -13). Let k(f) = -13 - f + 0*f + 8 - 13 + 5*f. Let w be k(g). Give v(w).
2
Let f = 81 + -80. Let u(n) = -17*n + 15. Let m be u(f). Let t(i) = -5*i**2 + 2*i. Give t(m).
-24
Let b(n) = 12 - 15*n**2 + 11 - 25*n**2 - 27 + n**3 + 39*n**2 - 13*n. Determine b(-5).
-89
Suppose -4*m = -0*q - 5*q + 25372, -5*m = -q + 5087. Let p(t) = -2 + 1 - 5065*t**2 - 2*t + q*t**2. What is p(-1)?
8
Let l be (-1)/((